95348669?
True
Does 189 divide 28574910?
True
Is 720360 a multiple of 10?
True
Is 94230369 a multiple of 26?
False
Does 3 divide 1212005?
False
Is 332005608 a multiple of 99?
True
Is 36016521 a multiple of 10?
False
Does 468 divide 46205070?
False
Is 15985769 a multiple of 27?
False
Is 264854760 a multiple of 25?
False
Is 1090 a factor of 107438148?
False
Does 13 divide 30045650?
False
Is 3241328418 a multiple of 8793?
True
Is 566 a factor of 55926513?
False
Is 680203215 a multiple of 1991?
False
Does 15 divide 2732160?
True
Is 60 a factor of 525115453?
False
Is 405 a factor of 1790637840?
True
Is 74676484 a multiple of 5?
False
Does 2 divide 13154923?
False
Does 18 divide 36424723?
False
Is 17 a factor of 264633220?
True
Does 39 divide 9573648?
False
Is 31 a factor of 47202848?
False
Is 11488819 a multiple of 2?
False
Does 1590 divide 279062490?
True
Is 41689779 a multiple of 409?
True
Is 9 a factor of 51955367?
False
Is 191685488 a multiple of 3588?
False
Is 2326315 a multiple of 20?
False
Does 384 divide 323069184?
True
Is 156662459 a multiple of 304?
False
Does 1386 divide 72857862?
True
Does 9 divide 328044516?
False
Is 358231210 a multiple of 46?
True
Is 23 a factor of 5689863071?
False
Is 722492433 a multiple of 741?
False
Is 1146 a factor of 38533741?
False
Is 6331 a factor of 262552901?
True
Is 261 a factor of 84861018?
True
Is 643021105 a multiple of 3472?
False
Does 78 divide 14023620?
True
Is 590 a factor of 27870420?
True
Is 1147942000 a multiple of 16?
True
Does 1025 divide 443569775?
True
Is 574 a factor of 2785400436?
True
Does 9295 divide 255178184?
False
Does 265 divide 23588009?
False
Does 21 divide 310164114?
False
Does 45 divide 993212181?
False
Does 3 divide 73574127?
True
Does 30 divide 26018880?
True
Is 16461876 a multiple of 1718?
True
Is 552993412 a multiple of 17?
False
Is 6418 a factor of 605649298?
False
Does 5 divide 326896?
False
Is 391444940 a multiple of 118?
True
Is 282764205 a multiple of 45?
True
Is 31 a factor of 66996363?
True
Is 6 a factor of 24137052?
True
Is 388 a factor of 181081540?
True
Does 65 divide 13647459?
False
Is 17 a factor of 679172662?
False
Is 101 a factor of 105899488?
False
Is 40 a factor of 430957575?
False
Does 4946 divide 468683538?
False
Is 361923282 a multiple of 126?
True
Is 62700500 a multiple of 15?
False
Is 61 a factor of 113251643?
False
Is 21 a factor of 1855230305?
False
Is 1876501653 a multiple of 16?
False
Does 18 divide 67782582?
True
Does 593 divide 5568321?
False
Is 10 a factor of 49077230?
True
Does 18 divide 2456512719?
False
Is 421 a factor of 17374670?
True
Is 43832103 a multiple of 1239?
True
Does 1314 divide 57361971?
False
Is 56 a factor of 695555851?
False
Is 15153357 a multiple of 3?
True
Does 44 divide 194777924?
True
Is 619 a factor of 4364350879?
False
Is 6040046 a multiple of 89?
False
Is 63 a factor of 965122263?
True
Does 11 divide 840637496?
False
Is 111 a factor of 1853323932?
True
Is 155102340 a multiple of 426?
True
Does 22 divide 433752609?
False
Is 727543165 a multiple of 54?
False
Does 28 divide 875483137?
False
Is 71 a factor of 111188343?
True
Does 531 divide 4982710185?
True
Is 512 a factor of 21077504?
True
Does 8 divide 24729712?
True
Does 40 divide 3787870923?
False
Is 1150667624 a multiple of 1642?
True
Does 66 divide 5168724?
True
Does 9 divide 133193782?
False
Is 542289837 a multiple of 23?
True
Does 14 divide 27857276?
False
Does 1090 divide 721218120?
True
Does 183 divide 51642234?
True
Does 816 divide 448863648?
True
Does 29 divide 14849345?
False
Does 11 divide 1682158918?
True
Does 37 divide 447846990?
False
Is 222753600 a multiple of 620?
True
Is 3571530274 a multiple of 26?
True
Is 553 a factor of 330239434?
True
Does 3131 divide 116855182?
True
Is 1957 a factor of 2787975469?
True
Is 303 a factor of 6431211?
False
Is 452616 a multiple of 4?
True
Does 75 divide 4176866204?
False
Is 17 a factor of 74836271?
False
Does 110 divide 7357020?
True
Is 232 a factor of 1302842400?
True
Is 2090 a factor of 96524560?
True
Is 2568969285 a multiple of 12?
False
Is 25966095 a multiple of 195?
False
Is 50193217 a multiple of 60?
False
Is 367 a factor of 2710231142?
True
Is 73 a factor of 56549888?
True
Does 40 divide 4670586388?
False
Does 5 divide 8583305?
True
Is 2277147744 a multiple of 464?
True
Is 594618006 a multiple of 1889?
False
Does 2 divide 4409404?
True
Does 112 divide 3470551733?
False
Is 14757908 a multiple of 139?
True
Is 4 a factor of 11394276?
True
Is 16 a factor of 22510976?
True
Is 35457968 a multiple of 208?
True
Is 922 a factor of 1960874251?
False
Is 135161416 a multiple of 293?
False
Is 136605945 a multiple of 8?
False
Is 16 a factor of 2539728190?
False
Does 117 divide 110789152?
False
Does 689 divide 1134643778?
False
Does 2982 divide 334416374?
False
Does 34 divide 114268254?
True
Does 2338 divide 1052682162?
True
Does 26 divide 7092529?
False
Is 8 a factor of 223742744?
True
Is 196846198 a multiple of 904?
False
Does 13 divide 160022577?
True
Is 45 a factor of 70990965?
True
Is 1463 a factor of 3596466573?
False
Is 126838710 a multiple of 4110?
True
Is 64951764 a multiple of 986?
True
Is 2503635 a multiple of 124?
False
Is 44 a factor of 39977237?
False
Is 46088515 a multiple of 15?
False
Is 15 a factor of 766938708?
False
Is 196391408 a multiple of 196?
False
Is 5 a factor of 15284354?
False
Is 157901152 a multiple of 2915?
False
Is 754799433 a multiple of 96?
False
Is 6616616 a multiple of 43?
False
Is 535254159 a multiple of 1708?
False
Does 1302 divide 546308433?
False
Does 33 divide 4111792118?
False
Is 15425 a factor of 5193921425?
True
Is 863 a factor of 16267159?
False
Does 3688 divide 75724857?
False
Is 46516670 a multiple of 787?
False
Is 985914496 a multiple of 11522?
True
Is 19046967 a multiple of 15?
False
Is 285231378 a multiple of 382?
True
Does 4712 divide 311212228?
False
Does 326 divide 5504512?
False
Is 6105 a factor of 420328062?
False
Does 1617 divide 77068790?
False
Is 4516 a factor of 93973444?
True
Does 7 divide 697854143?
True
Is 177179887 a multiple of 39?
False
Does 781 divide 13605460?
False
Is 300495900 a multiple of 4276?
True
Is 60183423 a multiple of 757?
False
Does 116 divide 6738201?
False
Is 6 a factor of 221968498?
False
Does 16 divide 63738976?
True
Is 435 a factor of 76283340?
True
Is 6 a factor of 329520?
True
Is 247426158 a multiple of 214?
True
Is 10 a factor of 151108280?
True
Is 1287 a factor of 10297287?
True
Is 8 a factor of 19411871?
False
Does 122 divide 17460274?
True
Is 56814496 a multiple of 16?
True
Does 1918 divide 95965750?
False
Is 413461729 a multiple of 7?
False
Is 22 a factor of 376727960?
False
Is 57 a factor of 261205709?
False
Is 1194783464 a multiple of 1336?
True
Does 557 divide 6304683?
True
Is 269689258 a multiple of 141?
False
Is 33668725 a multiple of 1145?
True
Is 16 a factor of 1060672?
True
Does 142 divide 522430574?
False
Is 298 a factor of 298395148?
True
Is 761393622 a multiple of 37?
True
Is 133113838 a multiple of 26?
True
Does 2386 divide 875425786?
True
Does 2605 divide 104061935?
True
Does 33 divide 46749120?
True
Does 351 divide 1434464343?
True
Does 20 divide 38855940?
True
Is 36112941 a multiple of 9?
True
Is 33 a factor of 66438903?
False
Does 18 divide 64134054?
True
Is 11638920 a multiple of 2760?
True
Is 190 a factor of 420501920?
True
Is 117046559 a multiple of 13?
False
Does 4343 divide 253587770?
True
Is 53376901 a multiple of 6?
False
Is 41 a factor of 98503762?
False
Is 23 a factor of 1328700032?
False
Is 3064446 a multiple of 3618?
True
Is 459 a factor of 69354814?
False
Does 68 divide 8432?
True
Does 24 divide 21847104?
True
Is 17 a factor of 112352282?
False
Does 20 divide 24434100?
True
Does 14 divide 173233605?
False
Is 77 a factor of 12415249?
True
Does 31 divide 414875046?
True
Is 49436444 a multiple of 18?
False
Is 2 a factor of 7363188?
True
Is 1250 a factor of 6811843?
False
Is 320 a factor of 63225312?
False
Is 2224429 a multiple of 8?
False
Is 667405236 a multiple of 258?
True
Does 368 divide 787749143?
False
Is 29 a factor of 58548216?
True
Is 1226769468 a multiple of 45?
False
Does 95 divide 79104315?
True
Is 115238235 a multiple of 35?
True
Is 37633693 a multiple of 743?
True
Does 1847 divide 651395851?
False
Is 94